pose -4*q - 2 = -u*d + q, -2*d + q + 2 = 0. What is b(d)?
-8
Suppose -5*c + 7 = -2*l, 41 = -5*l + 2*c + 13. Let j = -11 - l. Let d(z) be the third derivative of z**4/24 + z**3/3 - 25*z**2. Calculate d(j).
-3
Suppose 0 = 2*y + 3*y - 15. Suppose -10 = -2*j - 3*q, 8*q + 31 = j + y*q. Suppose -13*u = -j*u. Let h(p) = p**2 - 11. Calculate h(u).
-11
Suppose -2*x - 3*x = -10. Suppose 3 - 13 = -5*p. Let f(r) = 0*r**2 + 3*r**p - 3*r**3 - 2*r + r**2. Calculate f(x).
-12
Let k(z) = -20*z**3 - 2*z - 1. Let q(o) = -61*o**3 - 7*o - 4. Let c(n) = 10*n + 43. Let p be c(-5). Let t(h) = p*k(h) + 2*q(h). Calculate t(1).
17
Let d(w) be the second derivative of 2/3*w**3 - 3*w + 0 + 0*w**2 - 1/12*w**4. Let x(h) = -h**2 + h - 1. Let m(k) = d(k) - 2*x(k). Calculate m(-3).
5
Let q(c) be the second derivative of -c**4/3 - c**3/6 + c**2/2 + 105*c. Calculate q(2).
-17
Let s(v) = 6*v + 27. Let r be s(-5). Let f(t) = 2*t - 2. What is f(r)?
-8
Let c(x) = 7*x**2 + 19. Let y(a) = -2*a**2 - 2. Let p(m) = -c(m) - 4*y(m). Give p(0).
-11
Let j(n) be the first derivative of -16*n**3 - 24*n**2 - 6*n - 41. Let x(g) = 7*g**2 + 7*g + 1. Let z(l) = -4*j(l) - 27*x(l). What is z(-3)?
15
Let v = -1 - -5. Let c be (-6 + v)/(4/(-6)). Let u = -1 - c. Let j(k) = k**3 + 3*k**2 - 4*k + 4. Determine j(u).
4
Let o(b) = -2*b**2 - 15*b + 2. Let y(v) = -4*v**2 - 31*v + 7. Let h(q) = 7*o(q) - 3*y(q). What is h(-5)?
3
Let f(n) = -n**3 + 10*n**2 + 3. Suppose 0 = 6*b - 14*b + 80. Let h be f(b). Let g(l) = l**2 + l + 1. Determine g(h).
13
Let y(u) be the first derivative of u**4/12 + 11*u**3/6 - 13*u**2/2 - 16*u - 24. Let j(v) be the first derivative of y(v). What is j(-12)?
-1
Let h(l) = 5*l**2 - 8*l - 20. Let c(k) = -2*k**2 + 3*k + 7. Let n(a) = 8*c(a) + 3*h(a). Give n(-3).
-13
Let x be (-8)/20 - (-112)/(-20). Let t(a) = -9*a**2 + 5*a + 4. Let u(o) = 9*o**2 - 6*o - 5. Let w(s) = x*t(s) - 5*u(s). Calculate w(1).
10
Let o(l) = -l - 3. Let t = -37 - -55. Let a be 4/t + 52/9. Suppose 2*g = -0 + a. What is o(g)?
-6
Let x(i) = -24*i**2 + 6*i - 38. Let z(t) = 4*t**2 - t + 6. Let s(k) = -2*x(k) - 13*z(k). Give s(2).
-16
Let w(d) be the first derivative of 2*d**3/3 + d**2 - 10*d - 24. Let h(i) = i**2 + i - 10. Let k(p) = -3*h(p) + 2*w(p). Determine k(0).
10
Let j(d) = -2*d**2 + 4. Let r(c) = 2*c**2 + 2*c + 1. Let a(w) = w**2 + 1. Let v(q) = -a(q) + r(q). Let b be v(-3). Calculate j(b).
-14
Let x(y) be the third derivative of -y**4/6 + 79*y**2 - y. What is x(3)?
-12
Let b(c) = -8*c - 43. Suppose 18*p = 78 - 186. Calculate b(p).
5
Let x(z) = -z - 4. Let a(u) = -u**2 + u. Let d(c) = c**3 - 10*c**2 - 5*c + 5. Let s(f) = -3*a(f) + d(f). Let b be s(8). Calculate x(b).
-9
Let c(d) be the second derivative of -d**4/12 + d**3 + 3*d**2/2 + 11*d. Let f(r) = r. Let i be f(3). Let h = i + 3. Give c(h).
3
Suppose 2*s + 83 = 83. Let t(f) = -2 + 85*f - 79*f + s. Let w be 2/7 + (-24)/(-14). Calculate t(w).
10
Let c(k) = -5*k - 8. Let m(p) = 3 + 4 - 5 - 4. Let n(v) = c(v) - 5*m(v). Calculate n(2).
-8
Suppose m - 25 = 6*m, -4*m - 8 = 4*z. Let x(p) = 19*p - 58*p + 29*p + z - p**2. What is x(-10)?
3
Let q(j) = -9*j - 1358*j**2 + 3 + 1359*j**2 - 4*j. What is q(13)?
3
Let r(o) = -o + 2. Suppose h + 1 = 2*v, 27*h - 22*h - 5*v + 10 = 0. Determine r(h).
5
Let g = -633 + 630. Let r(t) = t**3 + 5*t**2 + 3*t + 1. Calculate r(g).
10
Let k(u) = u**2 - 8*u + 10. Let t be (-2)/(-3) - (-640)/30. Suppose -c + 2*j = -4*c + t, -10 = -2*j. Suppose -c*q + 20 = -8. What is k(q)?
3
Let r(l) be the third derivative of 0 + 1/120*l**6 + 0*l - 1/20*l**5 - 1/6*l**3 - 1/12*l**4 + 5*l**2. Suppose -5*y = -8 - 7. Calculate r(y).
-7
Let u(k) be the third derivative of k**6/120 - k**5/30 - k**4/8 - 2*k**3/3 + 3*k**2 + k. Calculate u(3).
-4
Suppose 5*m - 24 - 196 = 0. Let v be 105/33 - 8/m. Let o(i) = 2*i**3 - v*i**2 - i**3 - i + 1 - 4 + 1. Give o(3).
-5
Let s(r) = -6*r**2 + 13*r + 11. Let l(q) = -2*q**2 + 6*q + 5. Let p(w) = 5*l(w) - 2*s(w). Give p(-2).
3
Let h = 25 + -27. Let g(d) = d - d + 4*d + 3 - d - d**2 - d**3. Give g(h).
1
Let k(d) be the third derivative of -1/24*d**4 + 1/20*d**5 + 0*d**3 - 1/120*d**6 + 0 + 0*d + 23*d**2. Let q be (-2)/((4/(-6))/1). What is k(q)?
-3
Let q(j) = 1 - 26*j**2 + 4*j + 8 + 14*j**3 + 2. Let s(m) = 5*m**3 - 9*m**2 + m + 4. Let c(i) = 4*q(i) - 11*s(i). Let a = -4 - -8. Give c(a).
4
Let j be (-2)/2*-1*2. Suppose 8 = 4*p - 2*n, -1 - 3 = -2*p + 2*n. Let q(f) = 4*f**2 - 3*f**p + 2*f**2 - 2*f - f**2. Give q(j).
4
Let y = -24 - -24. Let r(s) = 4 + 2 + 8 + s - 3. Give r(y).
11
Let u(b) = 355*b**3 + 0*b**2 - 1 + 2*b**2 - 352*b**3. Determine u(2).
31
Let h(f) = -f + 3. Let y be h(-5). Suppose -m = -5*m + 4*o + 8, -2*m - 2*o - y = 0. Let w(q) = -18*q**2 - q. Give w(m).
-17
Suppose -5*h - l - 18 = 0, 5*h - 3*l - 14 = -40. Let p be 4/(h + 64/12). Let o(f) = f**3 - 3*f**2 + 3*f + 2. Calculate o(p).
11
Let z(l) = -l**2 + 7*l + 6. Let x be 12/(-10)*(3 + -8). Give z(x).
12
Let r = 48 + -47. Let l(v) be the second derivative of -v**4/3 - v**2/2 - 10*v. Give l(r).
-5
Let f be -4*(-3 - (-4 + 2)). Suppose 12*i - 10*i = -f. Let q(a) = a - 1. Calculate q(i).
-3
Let d(p) = -p**3 + 9*p**2 + 23*p - 8. Let z be d(11). Let t(x) be the third derivative of -4*x**2 + 1/60*x**5 - 1/24*x**4 + 0*x + 0 - 1/3*x**z. Give t(3).
4
Let r(v) be the first derivative of -3*v**2/2 + v + 421. Suppose 2*w - 12 = -2*l + 4*w, 0 = -2*l - 4*w - 12. Determine r(l).
-5
Suppose 0 = n - 6*n + 30. Let u(i) be the third derivative of 0*i + 0 + 15*i**2 - 2/3*i**3 + 1/24*i**4. Calculate u(n).
2
Let p(l) = -2*l. Let v be ((-55)/22)/(78/(-40) + 2). Let f = 52 + v. Give p(f).
-4
Suppose 5*i = -4*h + 49, 2*h - i = -6*i + 17. Let g = h + -22. Let c(m) = 10*m**2 - 25*m**2 + 16*m**2 + 7*m. Determine c(g).
-6
Let u(z) = z - 23. Let v = -1 + 17. Let p be u(v). Let n(a) = a + 11. What is n(p)?
4
Let g = -102 + 101. Let r(n) = -49 + 49 - 12*n**2 - n. What is r(g)?
-11
Let s(u) = -4*u**3 - 1. Let q = -30 + 33. Suppose -3*w = 2*w + 5*p - 10, q*w = -p. Calculate s(w).
3
Let d(h) = -8*h + 1. Let y(q) = -5*q + 1. Let b(a) = 3*d(a) - 5*y(a). Let s(v) = -10*v**2 + v + 2. Let l be s(-1). Determine b(l).
-11
Let w(p) = -p + 39. Let y(t) = -118. Let n(g) = -3*w(g) - y(g). Suppose 0 = 4*d - 3*d - 2. What is n(d)?
7
Let m(o) = -o + 6. Suppose -2*j - i = -9, -3*j + 16 = -3*i + 2*i. Suppose -j*v - 38 = -3. Let y be 120/21 - 2/v. Determine m(y).
0
Suppose 3*j + 14 = -5*f, -5*f - 28 = -0*j - 4*j. Let p(i) = i**2 - i + 2. Let q(k) = -2*k + 2. Let z(u) = j*p(u) - 3*q(u). Give z(-4).
14
Let f(w) = 10*w + 6. Let g = -340 + 338. What is f(g)?
-14
Let o(a) = -41*a**2 + 11*a. Let h(k) = -89*k**2 + 23*k. Let w(v) = -6*h(v) + 13*o(v). Let n be ((-2 - -1) + -4)*1. Give w(n).
0
Let c(s) = 27 + 0*s**3 - 29 + 7*s + 8*s**2 + s**3 - 5*s. Determine c(-7).
33
Let i(u) = u**2 + 5. Suppose -b - 5*a = -10, -17 = -0*b - 4*b + 3*a. Suppose 2*k - 31 = -b*x, 10 = x + x. Suppose -c = -k*c. Give i(c).
5
Let u(d) = d**2 + d + 7. Let h(b) = b**2 - 18*b + 72. Let n be h(8). Give u(n).
63
Let u(n) = n**2 + 2*n + 4. Let f be 1/(2*(-4)/(-56)). Let l = 4 - f. Give u(l).
7
Let v = -89 + 93. Let p(h) = h - 5. Calculate p(v).
-1
Suppose -8*k + 23 + 17 = 0. Let w(f) = 3*f**2 + 11*f + 7. Let o(i) = 2*i**2 + 6*i + 3. Let y(l) = -5*o(l) + 3*w(l). Determine y(k).
-4
Let p(u) be the third derivative of u**5/60 - 7*u**4/24 - 2*u**3/3 - 175*u**2. Determine p(4).
-16
Let d(a) = a**3 + a**2 - 7*a. Let f(b) = 2*b**3 - 3*b**2 + 34*b. Let l(h) = 5*d(h) + f(h). Give l(1).
8
Let d = 0 - 7. Let t(u) be the first derivative of u**2/2 + 4*u - 402. Determine t(d).
-3
Suppose -3*h - 5*r = 29 + 59, -2*r = -5*h - 95. Let n = 35 + -20. Let u = h + n. Let s(b) = b**2 + 3*b - 4. Determine s(u).
14
Let z be -5 + 6 - -6 - 5 - -2. Let f(k) = 2*k - 2. What is f(z)?
6
Let v(g) = 7*g**3 - 10*g**2 - 2*g + 9. Let l(d) = -6*d**3 + 9*d**2 + 2*d - 8. Let y(t) = 6*l(t) + 5*v(t). Let s be y(4). Let m(b) = -b - 3. Determine m(s).
-8
Let x be 25/15 - (-4)/12. Suppose q - x = -0. Let a(v) = -3*v + 2. What is a(q)?
-4
Let a(m) = -6*m - 59. Let k(p) = -p - 10. Let g(x) = 6*a(x) - 34*k(x). Let z be g(-10). Let j(i) = -i**3 + 6*i**2 - 2*i + 9. Determine j(z).
-3
Let y(b) = 2*b + 75. Let v(h) = -h - 60. Let f(p) = -4*v(p) - 3*y(p). Give f(-7).
29
Let y(n) be the second derivative of -n*